st the prime factors of i(10).
3, 61
Let u(q) = -q**2 - 17*q - 1. Suppose 24*t = 26*t. Suppose t = 2*a - 7*a - 75. What are the prime factors of u(a)?
29
Suppose -50*x + 24*x = -38090. List the prime factors of x.
5, 293
List the prime factors of (-1526)/(-6) + 40/6 + -7.
2, 127
Suppose 15*o = 20*o - 2*a - 60, 4*a = 0. What are the prime factors of o?
2, 3
Let z = -11 - -8. Let q(l) = 7*l**2 + 3. List the prime factors of q(z).
2, 3, 11
What are the prime factors of ((-175)/(-70))/(15/1494)?
3, 83
Let d(u) = 4*u + 5 - u + 4*u + 2. List the prime factors of d(3).
2, 7
Suppose -714 = 115*a - 122*a. List the prime factors of a.
2, 3, 17
Let a(t) be the first derivative of -t**2/2 + 9*t + 2. Let z be a(0). List the prime factors of (-75)/z*6/(-2).
5
Suppose 4*f = -4*p + 4, 2*f - 1 = -3*p - 3. Suppose 0 = 4*k + i + 3 + 6, 2*k + f*i + 27 = 0. List the prime factors of 12/(-9)*21/k.
2, 7
Let u = 3120 - 761. List the prime factors of u.
7, 337
Let k(z) = 3*z - 28. Let g be k(9). What are the prime factors of (g/(-1))/((-1)/(-146))?
2, 73
Suppose 2 + 1 = x. Suppose -4*r = -j + 21, -43 = 3*r - x*j - 16. List the prime factors of -23*(-5 - r - 1).
2, 23
Let u(s) = 273*s**2 - 15*s - 14. What are the prime factors of u(-1)?
2, 137
Let l = -7 - -14. Suppose l = 2*x + 3. Suppose x*h - 28 = 16. List the prime factors of h.
2, 11
Let f(h) = h**2 - 11*h + 8. Let d be 1 + (-2)/(-4)*22. Let c be f(d). Suppose -w - 4*w - c = 0, 4*k + w = 12. List the prime factors of k.
2
Let x = 2060 + -817. List the prime factors of x.
11, 113
Let x(d) = 81*d**2 - 34*d + 67. What are the prime factors of x(2)?
17, 19
Suppose a - 4*l + 18 = 2*a, a - 3*l + 3 = 0. Suppose a*t - 5*t - 2 = 0. Suppose 0 = t*r - 19 - 33. What are the prime factors of r?
2, 13
Suppose -7*q = 5776 - 16122. What are the prime factors of q?
2, 739
Suppose -3*n = -0*n. Let z(j) = -5*j - 47. Let w(q) = -6*q - 48. Let d(m) = 6*w(m) - 7*z(m). List the prime factors of d(n).
41
Suppose -3*o + 3 + 3 = 0. Suppose 3*x - 42 = 2*x - o*d, -2*x - 5*d = -88. List the prime factors of x.
2, 17
Let d = -923 - -1364. Suppose 0*b + 3*b - d = 0. Suppose -4*o + 102 = -m + 4*m, -5*m + o = -b. List the prime factors of m.
2, 3, 5
Let f = -2651 + 4559. List the prime factors of f.
2, 3, 53
Suppose -19*f - 12 = -15*f. Let c(d) = -3*d**3 + 2*d**2 - 5*d - 4. What are the prime factors of c(f)?
2, 5, 11
Suppose -32*k + 5521 = -141167. List the prime factors of k.
2, 3, 191
Let p be (-1*(-2 + -8))/(1/(-4)). List the prime factors of 16/p + 5/((-50)/(-624)).
2, 31
Suppose -14*g = 2*g - 12432. What are the prime factors of g?
3, 7, 37
Let y = -72 + 42. Let m = y + 68. What are the prime factors of m?
2, 19
Let k(a) = 22*a + 2 + 3*a**2 - 5*a - 2*a**2. What are the prime factors of k(-20)?
2, 31
Let h(n) = -n**3 + 12*n**2 + 17*n - 28. What are the prime factors of h(10)?
2, 3, 19
Let s(z) = 85*z**3 - 5*z**2 - 6*z + 4. Let h(y) = -84*y**3 + 4*y**2 + 5*y - 3. Let d(k) = 4*h(k) + 3*s(k). List the prime factors of d(-1).
2, 5
Let v be 7/35 - 39/(-5). Let a = v - 5. Suppose f - a = 10. What are the prime factors of f?
13
Let p = -85 + 52. Let i = 109 + p. List the prime factors of i.
2, 19
What are the prime factors of ((-189)/(-36))/21*(2 + 12266)?
3067
Let i(o) = -10*o + 18. Let l(p) = -1. Let n(k) = -i(k) - 5*l(k). What are the prime factors of n(7)?
3, 19
What are the prime factors of ((-5)/((-30)/(-4086)))/(3/(-15))?
3, 5, 227
Suppose -1151 = -14*h + 1397. List the prime factors of h.
2, 7, 13
List the prime factors of (7/2 - 2)/(144/14784).
2, 7, 11
Let t(y) = 18*y - 109. What are the prime factors of t(14)?
11, 13
Let q = 3 + -3. Suppose -u + 4*k + 6 = u, u + k = q. List the prime factors of u/2*(13 - 7).
3
What are the prime factors of (152/(-20))/((-38)/16435)?
19, 173
Suppose 2*b - 31 = -j - 4*j, -5*j = -15. Suppose -5*m + 7 = -b. Suppose -14 = -2*d - m*g, -2*g - 25 = -5*d + 10. What are the prime factors of d?
7
Let c = 39 + -39. Suppose 3*q - 377 + 95 = c. What are the prime factors of q?
2, 47
Suppose -20*b = -13*b - 1008. List the prime factors of b.
2, 3
Let d = -13 + 16. Suppose 4 = -3*u + 2*v, d*u - v + 4 = 2. Suppose -4*p + 2*i + 224 = 0, u = 2*p + p + i - 173. What are the prime factors of p?
3, 19
Let t(o) = o**3 - 17*o**2 - 4*o - 9. What are the prime factors of t(18)?
3
Let z = 2455 + -1180. What are the prime factors of z?
3, 5, 17
Let n(i) = 125*i - 1. Let d be -3 + 6 + (3 - 5). List the prime factors of n(d).
2, 31
Let k(s) = -7. Let u(l) = l + 6. Let j(x) = -6*k(x) - 7*u(x). Let c be j(2). Let h = c + 44. What are the prime factors of h?
2, 3, 5
Let w = -20 - -1. Let b = -16 - w. Suppose -130 = -b*s + 77. What are the prime factors of s?
3, 23
Let r(w) be the third derivative of -w**6/120 - w**5/12 - w**4/24 + 11*w**3/6 - 5*w**2. What are the prime factors of r(-5)?
2
Suppose -4*p - 2915 = -5*t, -p + 2311 = -t + 5*t. What are the prime factors of t?
3, 193
Suppose -17495 - 3915 = -10*g. List the prime factors of g.
2141
Suppose -16*v = c - 21*v - 850, 0 = -2*v - 2. List the prime factors of c.
5, 13
Suppose -128*i + 125*i = 0. Let f be ((-3)/2)/(6/(-112)). Suppose -2*n + i*n = -f. What are the prime factors of n?
2, 7
Let q = 584 - 430. List the prime factors of q.
2, 7, 11
Let l = -644 + 1102. List the prime factors of l.
2, 229
Let k(s) = s**2 + 13*s + 13. Let w be k(-12). Let q be ((-285)/(-10))/(w/4). Suppose 5*b + 130 = 5*g, 3*g + g - 2*b - q = 0. List the prime factors of g.
31
Let l be (-1 + -2)/((-3)/(-105)). Let f = -64 - l. List the prime factors of f.
41
Let g(o) be the third derivative of o**5/20 + o**4/3 - 13*o**3/6 + 24*o**2. List the prime factors of g(-10).
3, 23
Suppose -2*v - 2*g + 582 = 0, 3*g - 13 = 2. Suppose -79 = -5*m + v. Suppose m + 37 = 5*x. List the prime factors of x.
2, 11
Let s(a) = a**2 + 12*a - 26. List the prime factors of s(-33).
23, 29
Let g(x) = 20*x**2 - 9*x - 1. Suppose 5*s + 31 = -5*j + 8*s, 0 = -4*j - 2*s - 16. Let d be g(j). Suppose -d = -5*a - 154. What are the prime factors of a?
2, 3, 13
Let b(x) = -x - 14. Let m be b(-6). Let q(z) = -z**3 - 6*z**2 + 11*z + 10. List the prime factors of q(m).
2, 5
Suppose 6*a = 2*a - 160. What are the prime factors of (124/16)/((-5)/a)?
2, 31
Let h(d) = d - 1. Let u(q) = q**3 + 12*q**2 + 15*q + 14. Let j(n) = 2*h(n) + u(n). What are the prime factors of j(-10)?
2, 3, 7
Suppose 0 = -5*r - 4*u - 61, u + 2*u = 2*r + 29. Let b(g) be the first derivative of -g**3/3 - 7*g**2 + g + 9. List the prime factors of b(r).
2, 7
Let q(s) = 29*s + 10. Let c be q(2). Suppose 3*r - 4*v - 236 = -0*v, 0 = r - 4*v - c. What are the prime factors of r?
2, 3, 7
Suppose -3*x = 5*b - 517, 7*x - 2*x = -5. Suppose 154 + b = 6*c. What are the prime factors of c?
43
Let d = -9 - -9. Suppose -3*a = -d*a - 33. Suppose -19 = -a*x + 10*x. List the prime factors of x.
19
Suppose 27 = 3*l - 9. Let p be -1 - (-2 - -4 - 14). Let q = l + p. What are the prime factors of q?
23
Let c = -7682 + 11319. List the prime factors of c.
3637
Let y(n) = n. Let g(d) = -56*d + 2. Let u(x) = g(x) - 2*y(x). Let s be u(1). Let p = s - -78. List the prime factors of p.
2, 11
Suppose 163*s - 166*s + 10596 = 0. What are the prime factors of s?
2, 883
Suppose 8*n = 3*n - 5*a + 15, 4*n - 5*a - 21 = 0. Suppose -n*y + 3*q = -89, 5*q = y - 0*y - 35. What are the prime factors of y?
2, 5
Suppose 0 = o + 2, -5*p + 3635 + 4115 = -5*o. List the prime factors of p.
2, 3, 43
Let o = 61 - -292. What are the prime factors of o?
353
Let q = 141 - 167. Suppose 0 = -3*m + 3*b + 81, -4*m + 0*b + 5*b + 106 = 0. Let u = q + m. What are the prime factors of u?
3
Let d(n) be the second derivative of -n**3/2 + 9*n**2/2 - 11*n. List the prime factors of d(-5).
2, 3
Suppose 0 = -8*x + 6*x - 2. Let b = -1 - x. Suppose b = o - 13 - 8. What are the prime factors of o?
3, 7
Suppose -13075 + 3015 = -20*w. List the prime factors of w.
503
Suppose -964 = -4*d + 736. List the prime factors of d.
5, 17
Suppose -12*x - 5*x + 6001 = 0. What are the prime factors of x?
353
List the prime factors of 7/(-7)*-498 + -7.
491
Suppose 57 + 98 = -5*s. Let g(p) = 5*p**2 + 8*p + 10. Let q be g(-4). Let n = q + s. What are the prime factors of n?
3
List the prime factors of (-3016)/(-156)*(40 - 1).
2, 13, 29
Suppose -3*v + 20 = -0*v + 5